{"id":517,"date":"2026-08-23T02:56:54","date_gmt":"2026-08-23T02:56:54","guid":{"rendered":"http:\/\/nepyruibera.rominacechetto.com\/?page_id=517"},"modified":"2026-08-25T23:22:06","modified_gmt":"2026-08-25T23:22:06","slug":"nuestra-historia-y-origen","status":"publish","type":"page","link":"https:\/\/nepyruibera.rominacechetto.com\/pt\/nuestra-historia-y-origen\/","title":{"rendered":"Nossa Hist\u00f3ria e Origem"},"content":{"rendered":"<p>[et_pb_section fb_built=\u00bb1&#8243; _builder_version=\u00bb4.27.8&#8243; _module_preset=\u00bbdefault\u00bb background_position=\u00bbcenter_left\u00bb background_horizontal_offset=\u00bb15%\u00bb filter_brightness=\u00bb63%\u00bb hover_enabled=\u00bb0&#8243; global_colors_info=\u00bb{}\u00bb background_color=\u00bb#f3efe0&#8243; sticky_enabled=\u00bb0&#8243; background_enable_image=\u00bboff\u00bb background_enable_pattern_style=\u00bbon\u00bb background_pattern_style=\u00bbtufted\u00bb background_pattern_color=\u00bb#F7F6F1&#8243;][et_pb_row _builder_version=\u00bb4.27.7&#8243; _module_preset=\u00bbdefault\u00bb global_colors_info=\u00bb{}\u00bb][et_pb_column type=\u00bb4_4&#8243; _builder_version=\u00bb4.27.7&#8243; _module_preset=\u00bbdefault\u00bb global_colors_info=\u00bb{}\u00bb][et_pb_text _builder_version=\u00bb4.27.8&#8243; _module_preset=\u00bbdefault\u00bb header_font=\u00bbDM Serif Display||||||||\u00bb header_text_color=\u00bb#e09900&#8243; header_font_size=\u00bb41px\u00bb header_letter_spacing=\u00bb1px\u00bb custom_margin=\u00bb-31px||||false|false\u00bb custom_padding=\u00bb0px||||false|false\u00bb hover_enabled=\u00bb0&#8243; global_colors_info=\u00bb{}\u00bb sticky_enabled=\u00bb0&#8243;]<\/p>\n<h1 style=\"text-align: center;\">Nuestra historia y or\u00edgen<\/h1>\n<p>[\/et_pb_text][\/et_pb_column][\/et_pb_row][et_pb_row column_structure=\u00bb1_2,1_2&#8243; _builder_version=\u00bb4.27.7&#8243; _module_preset=\u00bbdefault\u00bb global_colors_info=\u00bb{}\u00bb][et_pb_column type=\u00bb1_2&#8243; _builder_version=\u00bb4.27.7&#8243; _module_preset=\u00bbdefault\u00bb global_colors_info=\u00bb{}\u00bb][et_pb_text _builder_version=\u00bb4.27.8&#8243; _module_preset=\u00bbdefault\u00bb header_font=\u00bbAveria Serif Libre||||||||\u00bb header_5_font=\u00bbAveria Serif Libre||||||||\u00bb header_5_text_color=\u00bb#147511&#8243; header_5_font_size=\u00bb17px\u00bb hover_enabled=\u00bb0&#8243; global_colors_info=\u00bb{}\u00bb header_text_color=\u00bb#308213&#8243; sticky_enabled=\u00bb0&#8243;]<\/p>\n<h5 style=\"text-align: justify;\">\u00d1epyr\u0169 es una palabra de origen guaran\u00ed que significa \u201cnuevo comienzo\u201d.<\/h5>\n<h5 style=\"text-align: justify;\">El nombre nace inspirado en la capacidad de los Esteros del Iber\u00e1 para recuperarse, transformarse y volver a florecer. Su naturaleza, su biodiversidad y su historia de resiliencia representan la esencia de nuestro proyecto.<\/h5>\n<h5 style=\"text-align: justify;\">A partir de esta idea nace \u00d1epyr\u0169 Iber\u00e1, una propuesta de turismo de naturaleza que busca acercar a los viajeros al Iber\u00e1 de una manera aut\u00e9ntica, responsable y sostenible.<\/h5>\n<h5 style=\"text-align: justify;\">Queremos que cada visitante no solo descubra un destino, sino que encuentre un espacio para desconectar, reconectar con la naturaleza y vivir su propio nuevo comienzo.<\/h5>\n<h5 style=\"text-align: justify;\">\u00d1epyr\u0169 Iber\u00e1<\/h5>\n<h5 style=\"text-align: justify;\">Naturaleza que transforma. Un nuevo comienzo.<\/h5>\n<p>[\/et_pb_text][\/et_pb_column][et_pb_column type=\u00bb1_2&#8243; _builder_version=\u00bb4.27.7&#8243; _module_preset=\u00bbdefault\u00bb global_colors_info=\u00bb{}\u00bb][et_pb_image src=\u00bbhttp:\/\/nepyruibera.rominacechetto.com\/wp-content\/uploads\/2026\/08\/fondo-web.png\u00bb title_text=\u00bbfondo web\u00bb _builder_version=\u00bb4.27.7&#8243; _module_preset=\u00bbdefault\u00bb height=\u00bb289px\u00bb global_colors_info=\u00bb{}\u00bb][\/et_pb_image][\/et_pb_column][\/et_pb_row][\/et_pb_section]<\/p>\n","protected":false},"excerpt":{"rendered":"<p>Nuestra historia y or\u00edgen\u00d1epyr\u0169 es una palabra de origen guaran\u00ed que significa \u201cnuevo comienzo\u201d. El nombre nace inspirado en la capacidad de los Esteros del Iber\u00e1 para recuperarse, transformarse y volver a florecer. Su naturaleza, su biodiversidad y su historia de resiliencia representan la esencia de nuestro proyecto. A partir de esta idea nace \u00d1epyr\u0169 [&hellip;]<\/p>\n","protected":false},"author":1,"featured_media":0,"parent":0,"menu_order":0,"comment_status":"closed","ping_status":"closed","template":"","meta":{"_et_pb_use_builder":"on","_et_pb_old_content":"<!-- wp:divi\/placeholder \/-->","_et_gb_content_width":"","_joinchat":[],"footnotes":""},"class_list":["post-517","page","type-page","status-publish","hentry"],"_links":{"self":[{"href":"https:\/\/nepyruibera.rominacechetto.com\/pt\/wp-json\/wp\/v2\/pages\/517","targetHints":{"allow":["GET"]}}],"collection":[{"href":"https:\/\/nepyruibera.rominacechetto.com\/pt\/wp-json\/wp\/v2\/pages"}],"about":[{"href":"https:\/\/nepyruibera.rominacechetto.com\/pt\/wp-json\/wp\/v2\/types\/page"}],"author":[{"embeddable":true,"href":"https:\/\/nepyruibera.rominacechetto.com\/pt\/wp-json\/wp\/v2\/users\/1"}],"replies":[{"embeddable":true,"href":"https:\/\/nepyruibera.rominacechetto.com\/pt\/wp-json\/wp\/v2\/comments?post=517"}],"version-history":[{"count":11,"href":"https:\/\/nepyruibera.rominacechetto.com\/pt\/wp-json\/wp\/v2\/pages\/517\/revisions"}],"predecessor-version":[{"id":728,"href":"https:\/\/nepyruibera.rominacechetto.com\/pt\/wp-json\/wp\/v2\/pages\/517\/revisions\/728"}],"wp:attachment":[{"href":"https:\/\/nepyruibera.rominacechetto.com\/pt\/wp-json\/wp\/v2\/media?parent=517"}],"curies":[{"name":"wp","href":"https:\/\/api.w.org\/{rel}","templated":true}]}}

Nossa História e Origem

<p>[et_pb_section fb_built=»1&#8243; _builder_version=»4.27.8&#8243; _module_preset=»default» background_position=»center_left» background_horizontal_offset=»15%» filter_brightness=»63%» hover_enabled=»0&#8243; global_colors_info=»{}» background_color=»#f3efe0&#8243; sticky_enabled=»0&#8243; background_enable_image=»off» background_enable_pattern_style=»on» background_pattern_style=»tufted» background_pattern_color=»#F7F6F1&#8243;][et_pb_row _builder_version=»4.27.7&#8243; _module_preset=»default» global_colors_info=»{}»][et_pb_column type=»4_4&#8243; _builder_version=»4.27.7&#8243; _module_preset=»default» global_colors_info=»{}»][et_pb_text _builder_version=»4.27.8&#8243; _module_preset=»default» header_font=»DM Serif Display||||||||» header_text_color=»#e09900&#8243; header_font_size=»41px» header_letter_spacing=»1px» custom_margin=»-31px||||false|false» custom_padding=»0px||||false|false» hover_enabled=»0&#8243; global_colors_info=»{}» sticky_enabled=»0&#8243;]</p>
<h1 style="text-align: center;">Nuestra historia y orígen</h1>
<p>[/et_pb_text][/et_pb_column][/et_pb_row][et_pb_row column_structure=»1_2,1_2&#8243; _builder_version=»4.27.7&#8243; _module_preset=»default» global_colors_info=»{}»][et_pb_column type=»1_2&#8243; _builder_version=»4.27.7&#8243; _module_preset=»default» global_colors_info=»{}»][et_pb_text _builder_version=»4.27.8&#8243; _module_preset=»default» header_font=»Averia Serif Libre||||||||» header_5_font=»Averia Serif Libre||||||||» header_5_text_color=»#147511&#8243; header_5_font_size=»17px» hover_enabled=»0&#8243; global_colors_info=»{}» header_text_color=»#308213&#8243; sticky_enabled=»0&#8243;]</p>
<h5 style="text-align: justify;">Ñepyrũ es una palabra de origen guaraní que significa “nuevo comienzo”.</h5>
<h5 style="text-align: justify;">El nombre nace inspirado en la capacidad de los Esteros del Iberá para recuperarse, transformarse y volver a florecer. Su naturaleza, su biodiversidad y su historia de resiliencia representan la esencia de nuestro proyecto.</h5>
<h5 style="text-align: justify;">A partir de esta idea nace Ñepyrũ Iberá, una propuesta de turismo de naturaleza que busca acercar a los viajeros al Iberá de una manera auténtica, responsable y sostenible.</h5>
<h5 style="text-align: justify;">Queremos que cada visitante no solo descubra un destino, sino que encuentre un espacio para desconectar, reconectar con la naturaleza y vivir su propio nuevo comienzo.</h5>
<h5 style="text-align: justify;">Ñepyrũ Iberá</h5>
<h5 style="text-align: justify;">Naturaleza que transforma. Un nuevo comienzo.</h5>
<p>[/et_pb_text][/et_pb_column][et_pb_column type=»1_2&#8243; _builder_version=»4.27.7&#8243; _module_preset=»default» global_colors_info=»{}»][et_pb_image src=»http://nepyruibera.rominacechetto.com/wp-content/uploads/2026/08/fondo-web.png» title_text=»fondo web» _builder_version=»4.27.7&#8243; _module_preset=»default» height=»289px» global_colors_info=»{}»][/et_pb_image][/et_pb_column][/et_pb_row][/et_pb_section]</p>

<p>Nuestra historia y orígenÑepyrũ es una palabra de origen guaraní que significa “nuevo comienzo”. El nombre nace inspirado en la capacidad de los Esteros del Iberá para recuperarse, transformarse y volver a florecer. Su naturaleza, su biodiversidad y su historia de resiliencia representan la esencia de nuestro proyecto. A partir de esta idea nace Ñepyrũ [&hellip;]</p>
